g?
1
Suppose 1 = -s - 9. Let k be s/5 - 7/(-1). Let h(p) = -p**3 + 5*p**2 + 2*p - 2. What is the units digit of h(k)?
8
Let b(x) = -23*x + 8. Let y(c) = 23*c - 7. Let m(w) = -6*b(w) - 7*y(w). Let f be m(-1). Suppose d - f = -3*d. What is the units digit of d?
6
Suppose 15 = -3*k, u - 42 = k + k. Suppose -2*x + y = -89 + u, -5*y = 3*x - 79. What is the tens digit of x?
2
Suppose 3*d - b = 10, -12 - 10 = -3*d - 5*b. Suppose -k = -d - 8. What is the tens digit of k?
1
Suppose 0 = -i + 5 + 3. Let c be (2 - 1)*(-2 + 7). Suppose u = -3*t + i, -2*u + c = 1. What is the units digit of t?
2
Suppose 2*j = -4*t + 30, -3*t = 5*j - 3*j - 25. Suppose -v - 65 = t*i, i + 0*i = -v - 45. What is the units digit of v/(-7) - 6/(-21)?
6
Suppose 4*q - 3*t = -2*t + 14, -5*q + t = -18. Let z = 3 - 2. Suppose q*n - z = -5*x, 5 = -0*n - n - 3*x. What is the units digit of n?
4
Suppose u - 4*u = -2*d - 15, 3*d - 3*u = -18. Let f(s) = 4*s + 2. Let j be f(d). Let w = j + 14. What is the units digit of w?
4
Let g be (-3)/((-1)/(-2) + 1). Let r be g/(-8) + (-81)/(-12). Let q(k) = k**3 - 8*k**2 + 9*k - 10. What is the units digit of q(r)?
4
Suppose -2 = -3*c + 4*c. Let x be ((-6)/5)/(c/5). Suppose a + f + x*f - 1 = 0, -4 = -4*a + 5*f. What is the units digit of a?
1
Let c be (-3 + 0 + 2)*-5. Suppose 3*x + 2*x = -g - 11, -c*g = x - 41. What is the units digit of g?
9
Let z(m) = -m**3 - 5*m**2 + 4. Let l be 1*3*(-5)/3. Let g be z(l). Suppose -15 = v + 4*x + x, -g*v - 5*x + 15 = 0. What is the tens digit of v?
1
Suppose -44 = -5*b - i, -3*i - 28 = 5*b - 10*b. Let k be b/(-12) + (-232)/(-6). Suppose -5*p - 3*y = -k, 36 = 7*p - 3*p + y. What is the units digit of p?
0
What is the units digit of (2 - 1)*(-1 + 48)?
7
Let t = 88 - 47. What is the tens digit of t?
4
Let h = -40 + 81. Let l = h - 25. What is the tens digit of l?
1
Let r(o) = 10*o - 20. Let l be r(9). Let b = -31 + l. What is the tens digit of b?
3
Suppose -9 = 2*k + 3*r, 4*k + 5*r = -0*r - 13. What is the units digit of k + (-1 - -2) + 11?
5
Suppose -3*u = 3*p - 7*p + 4, p - 16 = -3*u. Let g(o) = o**3 - 3*o**2 + 3*o - 6. What is the tens digit of g(p)?
2
Suppose 2*n = 3*a + 104, -5*n + 3*a = -a - 253. What is the units digit of n?
9
Suppose 2*c = 6*c + 48. What is the units digit of (-4)/(-6) + (-88)/c?
8
Suppose -4*u + l + 22 = -76, 0 = 5*u + 2*l - 116. What is the tens digit of u?
2
Suppose 0 = 5*s - 2*s - 45. What is the tens digit of s?
1
Let h = 19 + -17. What is the units digit of h?
2
Let h(o) be the first derivative of 4*o**3 + o**2/2 - o - 3. What is the tens digit of h(1)?
1
Let s = 12 - 8. Suppose -s*i = -35 - 17. What is the units digit of i?
3
Suppose 11 = 2*f + 2*b - 45, 2*f - 52 = -3*b. What is the units digit of f?
2
Let t = -1 - 2. Let h = -1 - t. Suppose -30 = -5*f - 0*f + 5*r, h*f - 3*r = 14. What is the units digit of f?
4
Let s(p) = -p. Let n(x) = -8*x + 3. Let o(a) = -n(a) + 6*s(a). Let k be o(2). Suppose k = -3*f - r - 3*r, -2*r = 4*f - 12. What is the units digit of f?
5
Let a(j) = j**2 + 18*j - 10. What is the tens digit of a(-21)?
5
Let y(r) = -r**2 + 8*r + 1. Let v be y(5). Suppose -v = -s - s. What is the units digit of s?
8
Let i = -36 - -51. What is the tens digit of i?
1
Suppose 2 = -4*z - g, 6*g + 6 = -3*z + 3*g. Let h(c) = -c**2 - 2*c + 5. What is the units digit of h(z)?
5
Let r(p) be the third derivative of -p**4/24 + 17*p**3/6 + 5*p**2. What is the units digit of r(10)?
7
Let s(b) = b**3 + 2*b**2 - 2*b + 165. What is the units digit of s(0)?
5
What is the units digit of 460/30 + 6/9?
6
Let r be (-3*2)/(2 + -1). Let d be (21/r - -2)*-2. Suppose -5*g - d*t + 17 = -4*t, -5*g + 3*t = -21. What is the units digit of g?
3
Let u(a) = 2*a - 8. Let p = -45 - -76. Suppose -c + 5 + 7 = -3*h, 4*c = -5*h + p. What is the units digit of u(c)?
0
What is the units digit of (-135)/36*(-2 + -2)?
5
Let c(z) = 2*z**2 + 5*z - 1. Suppose 0 = 5*d + 2*y + 18, 0*y - y + 17 = -4*d. Let t be c(d). Let u = t - 6. What is the units digit of u?
5
Let c(i) = 18*i**2 - 2*i + 3. Let u be c(-3). Suppose -s = k - 26, u - 41 = 5*s + k. What is the units digit of s?
6
Let r = 3 - 1. Suppose 0 = -0*f + 3*f + 12, 0 = r*q + f. What is the units digit of (q/3)/((-2)/(-3))?
1
Let m = -11 - -9. What is the tens digit of (38/m)/((-1)/1)?
1
Let j(c) = -3*c + 4. Let o be j(-8). Suppose 2*s - 2*m = 20, -5*s = -s - m - o. Let f = 13 - s. What is the units digit of f?
7
Let i(k) = -k**2 - 6*k + 4. Let y be i(-6). Suppose 0*v + y*v = -f + 63, -v + 14 = 2*f. Suppose -v = -5*x - 6. What is the units digit of x?
2
Suppose -8*h = -6*h - 4. What is the units digit of h?
2
Let t(f) = f**2 + 4*f + 4. Let y be t(-5). Let a(h) = -1 - 7*h - 8*h**2 - 8 + 0*h - 3 + h**3. What is the units digit of a(y)?
6
Let q(j) = j**3 - 3*j - 5. What is the units digit of q(4)?
7
Let s = -6 + 12. Suppose 5*m - 3*m = s. What is the units digit of m?
3
Let m = 11 - 11. Suppose -2*l - 3*l + 80 = m. What is the tens digit of l?
1
Suppose 5*k = 7*k - 502. What is the hundreds digit of k?
2
Suppose 2*s - i = 42, -6*s - i = -s - 91. What is the units digit of s?
9
Suppose -p - p = -12. Let f = p - 3. What is the units digit of f?
3
Let g(u) = u**3 - 5*u**2 + u - 4. Let y be g(5). Let f = y - -1. Suppose m = f - 0. What is the units digit of m?
2
Let w(x) = -18*x - 65. What is the hundreds digit of w(-13)?
1
Let l(k) = k + 7. Suppose -s = -88 + 16. Suppose 5*f - s = -27. What is the tens digit of l(f)?
1
Let w be -3 + 1 + 3 + 1. Suppose 6*t = -3*o + 2*t + 11, w*t = -2. Suppose 2*i + u + u - 4 = 0, -14 = -o*i - 4*u. What is the units digit of i?
6
Suppose -2*a = -2*i + 3*i - 5, -i + 6 = 3*a. Suppose -i*d = 12 - 3. Let x(f) = -f**3 - 2*f**2 + 3*f + 4. What is the units digit of x(d)?
4
Suppose -3*y + 1069 = -2*o, 4*o - 9 = -y + 338. What is the tens digit of y?
5
Let t(k) = -7*k + 1. Let p(j) = -j**3 + j**2 + 1. Let u be p(1). Let q be t(u). What is the units digit of (-2)/(q/21) - -2?
9
Let c(k) = -k**3 + k**2 - k + 10. Let f be c(0). Suppose -4*b = -j - b - 1, f = 5*b. What is the units digit of j?
5
Let x(a) = 4*a + 2. Suppose -3*g = -2 - 10. Let k be x(g). Suppose -5*t + 2 = -k. What is the units digit of t?
4
Let h(b) = -b + 125. Let c be h(0). Suppose 5*l + 2*s - c = -0*s, 3*l - 5*s = 44. What is the units digit of l?
3
Suppose 0 = 3*i + 2*i - 30. Let c = 4 + -1. What is the units digit of -1 + i + 0/c?
5
Suppose 3*b - 8 + 2 = 0. Let p(h) = -3*h**3 - h**2 - h - 4. Let r be p(-2). What is the units digit of (r/15)/(b/5)?
3
Let n(v) = v**2 + 1. Let k be n(2). Suppose k*b - 11 = -1. What is the units digit of b?
2
Let o = 328 + -127. Suppose -o = -4*i - 9. Suppose -5*d - i = -5*l + 22, 18 = 3*l + 3*d. What is the tens digit of l?
1
Let s = 0 - -3. Let w be 13/s - (-2)/(-6). Let i = 8 - w. What is the units digit of i?
4
Let x be (-4)/6 - 4/(-6). Suppose -2*a - 6 + x = 0. Let c = a - -8. What is the units digit of c?
5
Suppose 4*p - 8*p + 20 = 0, -3*p = 4*t - 11. Let s be (t - -2)/((-4)/112). Let n = -18 - s. What is the tens digit of n?
1
Let z(b) = b**2 - 3*b - 14. Let u(j) = -j**3 - 9*j**2 - 6. Let h be u(-9). What is the units digit of z(h)?
0
Suppose 11*t - 86 = 9*t. What is the units digit of t?
3
Suppose -4*y = y - 20. Suppose -2 = -3*t - 4*m, y*t + 3*m = t + 3. Suppose 15 = t*j - 3. What is the units digit of j?
9
Let p be 9/(-18)*0/2. Suppose -4*w + 23 = -i, p*i - i = -3*w + 18. What is the units digit of w?
5
Suppose -4*x = 4*v + 16, 4*x + 3*v + 2*v = -11. Let n be (x/6)/((-2)/32). Let w = n - 16. What is the units digit of w?
8
Let i be -2*4/(-8) - 497. What is the tens digit of i/40*10/(-4)?
3
Let z = -161 + 228. What is the units digit of z?
7
Suppose -3*u = -4*x - 17, 4*u + 4*x = x + 6. Let o be ((-4)/u)/(4/12). Let k = 10 + o. What is the units digit of k?
6
Let x(n) = n**2 - 8*n + 5. Let r be x(7). What is the units digit of 7 - (0/(-3) - r)?
5
Suppose -4*f = -3*f - c, 0 = -f - 5*c. Let a(k) = -k**3 + 6*k**2 - 4*k + 3. Let r be a(5). Suppose f*d + r = 2*d. What is the units digit of d?
4
Suppose 0 = -4*y - y - w + 186, 0 = -5*y + 5*w + 180. Let j = -21 + y. What is the tens digit of j?
1
Suppose -12*y + 16*y - 72 = 0. What is the units digit of y?
8
What is the units digit of -2 + 2 + 16 + -2?
4
Let n(l) = l**3 + 2*l**2 + 2*l + 4. Let s be n(-3